t k be s(7). Suppose -4 + 3 = -y + 2*u, -3*u = -2*y + 4. Let l(t) = 5*t + 4 - y*t**2 + 0 + 2*t**2 + 4*t**2. Give l(k).
0
Let c(q) = 4*q**2 - 2*q + 7. Let g(y) = -y**2 + y - 1. Let s(v) = c(v) + 5*g(v). Let z be s(3). Let m(w) = 2 - z - 3*w + 2*w + 2. Give m(0).
2
Suppose -7*k + 35 = 77. Let a(n) = -n**3 - 12*n**2 + 6*n - 8. Let h(r) = r**3 + 11*r**2 - 5*r + 7. Let p(t) = 5*a(t) + 6*h(t). Calculate p(k).
2
Let i(g) be the third derivative of 5*g**6/24 - g**4/24 - g**3/6 + 95*g**2 + 2. Give i(-1).
-25
Let a(m) = 3*m**2 + 6*m. Let w be a(-2). Let k(v) = 7*v + 5 - 8*v + w. Calculate k(0).
5
Let b = -41 - -71. Suppose -h + b = 2*h. Let f(l) = -8*l - 2 - 2*l**2 + 0 + 3*l**2 + h*l. Calculate f(-3).
1
Let f(h) be the second derivative of h**8/6720 - h**6/720 - h**5/15 - h**4/6 - 2*h. Let b(x) be the third derivative of f(x). Suppose 0 = -7*v + 6*v. Give b(v).
-8
Let c(l) = 6*l**2 - 15*l + 15. Let o(z) = 7*z**2 - 16*z + 17. Let g(b) = -6*c(b) + 5*o(b). What is g(4)?
19
Let g = 114 + -230. Let u = 121 + g. Let v(x) = -x**3 + 6*x**2 - 4*x + 3. Determine v(u).
8
Let g(f) = f**3 + 4*f**2 - 2. Suppose 3*p - 5*b = -p + 41, 0 = 4*b + 20. Let s be (0 - 0) + 0 + p. Suppose -s*d + 5*j = -8 - 1, 5*j + 25 = 0. Give g(d).
-2
Let a(c) be the second derivative of -c**3/2 - 26*c**2 - 38*c + 1. What is a(-21)?
11
Let o(x) = -13*x**2 - 2*x + 1. Let r(q) = -q. Let g(k) = -k**2 - 9*k - 9. Let w(s) = -g(s) + 2*r(s). Let n be w(-6). Suppose a + n*a = 4. What is o(a)?
-14
Let k(v) = -3*v - 9. Let g(r) = -54*r - 226. Let b be g(-4). Calculate k(b).
21
Suppose 0 = 7*p - 57 + 85. Let j(h) = h + 8. What is j(p)?
4
Let j(o) = -10*o - 2*o + 3*o + 3*o. What is j(2)?
-12
Let b(u) = u. Let z be b(0). Let t(v) = -v**2. Let m(l) = -3*l**2 - 20*l - 11. Let x be m(-6). Let y(d) = -2*d**2 - 14. Let r(n) = x*y(n) - 3*t(n). Give r(z).
-14
Let o(t) be the third derivative of t**6/120 + t**5/12 - t**4/8 + 2*t**3/3 - t**2. Suppose -4*p + 5 = 2*f + 3*f, 0 = -2*p - 2*f. Calculate o(p).
19
Let z(x) = x**3 - x**2 - x - 1. Let p(q) = -3*q**3 + 4*q**2 + 3*q + 2. Let l(f) = -p(f) - 2*z(f). Suppose -6*t = -15 + 3. Determine l(t).
-2
Let y(t) = t**3 + 7*t**2 - t + 3. Let n be (-8)/(-6) + 1/(-3). Let v be ((-6)/6)/(n/7). What is y(v)?
10
Let c(h) be the first derivative of -1/2*h**2 + 8*h + 9. Calculate c(9).
-1
Let z(m) = 3*m - 3. Let y be (-3)/1 - 4/(12/(-27)). Suppose -12 + 0 = -y*k. Calculate z(k).
3
Let h(n) = -n**3 + 5*n**2 - 8*n + 2. Let f be h(3). Let z = f - -9. Let d(w) = 0*w + 0 - w**3 + 2*w**2 + z*w - 3*w - 4. Give d(3).
-7
Let s(q) = -2*q**3 - 4*q**2 - 3*q. Let r(m) = 2*m**2 - 7*m - 5. Let u be r(6). Let l = u - 45. Let n = l - -18. What is s(n)?
6
Let t = -15 + 19. Suppose 1 + 19 = t*h. Let x(d) = -6*d**2 + 3*d**2 - d + 2*d**2 + 4 - h. Calculate x(-3).
-7
Let s = 11 - 12. Let r(u) be the first derivative of -5*u**2 + u - 408. Calculate r(s).
11
Let i(k) = 9*k - 111. Let g be i(11). Let n(s) = -s**2 - 13*s - 24. Determine n(g).
-12
Let q(h) = 2*h - 19. Suppose -2*x - 4*p + 25 + 15 = 0, 3*x + 4*p = 54. Determine q(x).
9
Let f be 230/(-69)*3/2. Let i(x) = 3 - 41*x**2 + 16*x**2 + 20*x**2 - x**3. Determine i(f).
3
Let w(h) = 219*h - 209*h - 2*h**2 - 9 + 3*h**2. Let m be w(-11). Let c be -1*(2 - 3)*m. Let o(s) = -3*s**2 + 2. Determine o(c).
-10
Let i(d) = -d + 2. Let u = 676 - 680. Determine i(u).
6
Let d be 1 + (-7)/(14/24). Let l = 50 - 58. Let n = l - d. Let j(a) = -a**2 - 2*a + 4. Determine j(n).
-11
Let v(h) = h + 2. Let k be v(-2). Let l(i) = k*i - i + 3*i. Let a(n) = -n + 13. Let r be a(15). Calculate l(r).
-4
Let o(d) = 6*d**2 - d - 1. Suppose 5*a = 3*r - 5, 310*r = -3*a + 313*r - 3. What is o(a)?
6
Let w(i) be the first derivative of 4*i**3/3 - 41*i**2/2 + 9*i - 26. Give w(10).
-1
Let l(w) = -3*w - 3. Let y(o) = o. Let g(t) = l(t) + 4*y(t). Calculate g(2).
-1
Let r = 37 + 1. Suppose 56 = -2*q + 132. Let a(y) = -r - q + 75 - y. Calculate a(5).
-6
Let o(l) = 348*l + 55*l**2 - 347*l - 60*l**2 - 1. Let p(y) = 2*y**3 - y**2 + y - 1. Let i be p(1). Calculate o(i).
-5
Let j = -2760 - -2762. Let o(n) be the second derivative of 1/6*n**3 - 3/2*n**j + 0 + 6*n. What is o(6)?
3
Let n = 2 - -1. Let o(v) = 7*v**2 - 7*v - 7*v**n - 3 - 2 + 6*v**3. Give o(6).
-11
Let i(g) = -6 - 2*g**2 + 5*g + 2 + 3*g - 3. Let s(q) = -q + 11. Let j be s(6). What is i(j)?
-17
Let f(t) = 2*t**2 - 2*t - 1. Let q(p) = -5*p**2 + 4*p + 2. Let m(s) = -8*f(s) - 3*q(s). Let l = 4 - 15. Let w = l - -15. What is m(w)?
2
Let y(t) = -t**2 - 9*t - 2. Let p(n) = -2*n**2 - 18*n - 3. Let i(x) = -4*p(x) + 9*y(x). Let w be i(-8). Let k(h) = 3*h**2 - h + 1. Determine k(w).
11
Let g(f) = f**3 - 3*f**2 + f - 2. Let i = 13 - 12. Let m be 5/i + (-2 - -1). Let w be m - 1*3/3. What is g(w)?
1
Let d(o) = 0*o**2 - 5*o**2 - 3*o - 77*o**3 + 76*o**3. Let u be (54 + -44)/(-2*(3 - 2)). Give d(u).
15
Let s = -8 + -4. Let u(q) = 11*q**2 - 8 + 24*q - 34*q + q**3 - 4*q - 8. Determine u(s).
8
Let r be 155/(-124)*(0 - -8). Let m(z) = z + 19. Calculate m(r).
9
Let j = 199/28 + -48/7. Let k(x) be the second derivative of -j*x**4 + 2/3*x**3 - 3/2*x**2 - 2*x + 0. Give k(2).
-7
Let y(j) be the first derivative of -j**3/3 - 7*j**2/2 + 2*j - 6479. Let o be 1/(-3) - (-1)/3. Suppose c + 2*c + 18 = o. Give y(c).
8
Let l = 62 - 61. Let x(d) = -18*d. Determine x(l).
-18
Suppose -b + 2*u = -6, 0*u = -b + 3*u + 7. Let k(x) = -x**2 + 9*x - 7. Let r(f) = 3*f**2 - 28*f + 22. Let m(l) = 7*k(l) + 2*r(l). Give m(b).
7
Let l be (-4)/(8/5) - (-51)/6. Let w(y) = -3*y + 7. What is w(l)?
-11
Let t(n) = n**3 + 4*n**2 - 3*n + 5. Let s(g) = g**3 + 4*g**2 - 6*g - 9. Suppose 0 = -3*d + 6 - 21. Let j be s(d). Calculate t(j).
17
Let m(c) be the second derivative of c**3/3 + 11*c**2/2 - 8*c. Let p be (-6)/(-15)*(-2 - 18). Let b be m(p). Let z(a) = a + 6. Calculate z(b).
1
Let f(h) = -2*h**2 - 4*h + 1. Let w(i) = 11*i**2 + 13*i + 2. Let c(v) = 6*f(v) + w(v). What is c(-12)?
-4
Let q(n) be the first derivative of -n**4/4 + 5*n**3/3 + n**2/2 - 3*n - 1. Let m be (6 - (-6)/3)*(2/(-4))/(-1). Calculate q(m).
17
Suppose -8 = -5*x + 2. Let f(r) = 7*r - 2*r**2 + r - 10*r + 4 + 3*r**x. Calculate f(3).
7
Let z(k) = k**2 - 3*k + 3. Suppose -4*l - p + 19 = 0, -3*p = -0*p + 3. Let t be 2/((l/1)/5). Give z(t).
1
Let t(m) = m**2 - 5*m + 2. Suppose -4*j - d = -13 - 8, -3*j - 5*d + 37 = 0. Calculate t(j).
-2
Let q(r) = r**3 - 3*r**2 - 2*r - 4. Suppose -2*j + 21 + 19 = 0. Let b be (-42)/(-28)*j/(-6). Let w(u) = u**2 + 2*u - 11. Let y be w(b). Calculate q(y).
4
Let i(h) = -5*h + 11. Let g(s) = 42*s - 28*s - 19 - 15. Let q(y) = -3*g(y) - 8*i(y). What is q(10)?
-6
Let x(a) = a**2 - a - 1. Let n(t) = t**3 + 10*t**2 + 4*t - 7. Let i(y) = -n(y) + 3*x(y). Let p be (4 - 9*3/9) + -7. Calculate i(p).
10
Suppose -2*p + 7 = 5*z, z - 2*z - 5*p = 17. Suppose 33 = -z*t + 6*t. Let f(s) = -s + t*s - 2 - 3*s**2 - 11*s + s**3. Calculate f(2).
-8
Let l(h) be the third derivative of 1/60*h**5 + 16*h**2 + 0*h + 1/3*h**3 + 0 + 5/24*h**4. Determine l(-5).
2
Let v = 62 + -56. Let a(k) be the first derivative of 2 + 0*k - 3*k**2 + 1/3*k**3. Calculate a(v).
0
Let x(a) = -3*a**2 - 12*a + 4. Let q(f) = 8*f**2 + 21*f - 7. Let n(w) = -3*q(w) - 5*x(w). What is n(-1)?
-5
Let l(t) = 9*t. Suppose -w - 2 = w. Let o = 6 + w. Suppose -o*m - 25 = 4*c, 3*m - 3*c = 1 + 11. What is l(m)?
-9
Let k(g) be the third derivative of g**6/120 + g**5/20 - g**4/24 - g**3/2 + g**2. Let f be ((-4)/(-5))/((-10)/(-25)). Suppose -7 = f*r + 1. Determine k(r).
-15
Let y(x) = -x**3 - 6*x**2 - 5*x - 6. Let j(m) = 3*m**2 + 6 - 1 - 3 - 3. Let g be j(1). Suppose -s + 10 = -3*l, -g*l + s - 4 = 1. Determine y(l).
-6
Let j(c) = -c**2 + 2*c - 1. Suppose -5*m = -m - 28. Suppose -4*f = -m + 19. Let q be f + 4 + (-2 - 1). What is j(q)?
-9
Let z(w) = -w**3 - 5*w**2 - 2*w - 7. Suppose 3*x = -x - 20. Let p be -4 + (7 - 2)/x. What is z(p)?
3
Let j = 124 - 59. Suppose -j - 4 = -s. Let b(v) = 3*v**2 - 4*v**2 - 63*v + s*v - 4. Give b(4).
4
Let b(l) = -8 - 329*l**2 + 8*l + 148*l**2 + 180*l**2. Determine b(7).
-1
Let a = 0 + 6. Let r(t) = t + 3*t**2 - 2*t**2 + 2 + a*t. Let x be 7/(48/(-6) - -7). Calculate r(x).
2
Let a(g) = -g**2 + 14*g + 37. Let h be a(13). Suppose 5*r = 0, 4*l + h - 14 = 2*r. Let j(f) = -f**3 - 9*f**2 - 3. Give j(l).
-3
Let a(k) = -3*k**2 - 8123*k - k**2 + 8123*k -